ose c = 4*r - 2*r. What is the greatest common divisor of r and 7?
7
Suppose -8*l + 517 = -731. What is the greatest common divisor of l and 12?
12
Let s(c) = c**3 - c + 36. Let z(q) = 3*q - 2*q - 4 - 2 - 2*q. Let f be z(-6). Let y be s(f). What is the greatest common divisor of 18 and y?
18
Suppose 5*u - 2 - 3 = 0. Let i = u + 2. Suppose -i*r + 27 = -0*r. What is the greatest common factor of r and 45?
9
Let r = 16 - -18. What is the highest common factor of r and 17?
17
Let a be (3/9)/(2/48). Let v(c) = -3*c + 6. Let x be (-1 - -13)/2*-1. Let k be v(x). Calculate the greatest common factor of k and a.
8
Let t(d) = -7*d - 7. Let p be t(-3). Calculate the highest common divisor of 21 and p.
7
Suppose 0*f + 880 = 5*f. Suppose 0 = -5*g - 21 + 266. Let b = -33 + g. What is the highest common factor of b and f?
16
Suppose -52 = -4*s + l + 2*l, s - 2*l - 13 = 0. Let g be -5*(-8)/20*(-260)/(-8). Calculate the highest common divisor of s and g.
13
Let w(c) = -c**2 + 2*c + 3. Let r be w(3). Let o = r - 0. Let p be (-2 + 1)*-18 + o. Calculate the greatest common divisor of 2 and p.
2
Suppose -5*m + 36 + 89 = 0. Let b be m + -2 - (-3 - -5). Calculate the greatest common divisor of 189 and b.
21
Let l(g) = 7*g + 6. Let a(p) = 7*p + 5. Let x(m) = 6*a(m) - 5*l(m). Let y be x(6). What is the greatest common divisor of y and 14?
14
Suppose 25 = 4*z - 27. Suppose -2*r = -0*r. Suppose 4*d = -q + 2*q - 40, r = q + 5*d - 67. Calculate the greatest common factor of z and q.
13
Suppose w + 4 = 157. What is the highest common factor of w and 17?
17
Let x(y) = -5*y - 4*y + 3*y + 1 - y. Let d be x(-5). What is the greatest common divisor of 4 and d?
4
Suppose -30 = 5*h - 0*h. Let y be h/15 - 84/(-10). Let p = 136 + -104. Calculate the greatest common divisor of p and y.
8
Suppose 4*p - p = -9. Let a(s) = -7*s**3 - 2*s**2 + 3*s + 3. Let f be a(p). Calculate the highest common factor of 15 and f.
15
Suppose -4 = -s - 3*s. What is the greatest common factor of 3 and s?
1
Let a be 4/(2/(-1)) - -8. Let i(n) = -7*n**2 + 66*n + 3. Let k be i(9). What is the greatest common factor of a and k?
6
Let i = -84 - -100. What is the greatest common factor of 160 and i?
16
Let i(y) = y**3 - y**2 + y + 14. Let q = -4 - -4. Let o be i(q). Suppose 2*n = 0, 3*w - 2*n - 6 = n. What is the greatest common divisor of o and w?
2
Suppose g = 5*g - 8. Let v = -12 - -15. Calculate the greatest common divisor of g and v.
1
Suppose 0 = -4*i - 6*v + v + 11, v + 5 = i. Suppose 15 - 39 = -i*m. What is the highest common factor of m and 3?
3
Suppose -5*n + 6 = -i, 3*n - 48 = -5*i + 2*n. Let q(a) = 12*a**2 - a - 1. Let k be q(2). Calculate the greatest common divisor of k and i.
9
Let x be (-1)/1 - 26/(-2). Let p(y) = -y**3 + 3*y**2 + 3*y - 1. Let m be p(3). Calculate the highest common factor of m and x.
4
Let d be -6*(15/9 - 1). Let g = d + 5. Suppose -4*c = -20, 0*l + 2*c - 14 = -4*l. What is the highest common divisor of l and g?
1
Let r = 43 - 23. Calculate the highest common factor of 160 and r.
20
Let d = -74 - -134. What is the greatest common factor of d and 40?
20
Let h be ((-97)/(-4))/((-3)/(-12)). Let r = h + -37. Calculate the greatest common divisor of 12 and r.
12
Let a(t) = -2*t + 15. Let j be a(7). Calculate the greatest common factor of 7 and j.
1
Let t be (-20)/6*(-3)/2. Let a = t - 5. Suppose -3*p + b + 27 = 0, -3*p - 2*b + 0*b + 27 = a. What is the highest common divisor of p and 18?
9
Let m = 109 + -64. Suppose -5*g = 5*k - 55, 0*g = -2*k + g + 16. Let v = m - k. Calculate the highest common divisor of v and 90.
18
Suppose 66 = -2*p + 6*p - 2*y, 4*y + 52 = 3*p. What is the highest common factor of p and 24?
8
Let p(o) = -21*o - 14. Let t be p(-7). Calculate the highest common factor of 19 and t.
19
Suppose 4*z - 6 = 46. Suppose 3*i + 69 = l - i, 2*i = 2*l - 132. Calculate the greatest common divisor of l and z.
13
Suppose 0 = -5*l + 11 + 9. Suppose -3*r + 27 + 53 = -l*u, 0 = 3*r + u - 55. What is the highest common factor of 4 and r?
4
Suppose -16 = -2*g - 2*g. Suppose 0 - 40 = -g*x. Calculate the greatest common factor of 25 and x.
5
Let f be (22/2)/(8 - 7). What is the highest common divisor of 55 and f?
11
Let j = 237 - 141. Let r(q) = q**2 - 8*q + 8. Let w be r(7). Let h be (w/2)/((-2)/(-96)). Calculate the greatest common factor of h and j.
24
Suppose -7*p + 5*p + 280 = 0. Suppose -5*b + p = -0*b. What is the greatest common factor of b and 4?
4
Let h = -71 - -119. Suppose 0 = 3*x - h + 6. Calculate the highest common factor of x and 154.
14
Let u be 4/10 + 58/5. What is the greatest common factor of u and 48?
12
Suppose 3*v - 16 = -v. Calculate the highest common divisor of 20 and v.
4
Let a = 1 - -15. Suppose 0 = -4*x + a + 28. What is the highest common factor of 44 and x?
11
Let n = 76 - -9. What is the highest common divisor of 17 and n?
17
Let j = 26 + -20. What is the highest common factor of 15 and j?
3
Suppose 80 = 17*n - 16*n. Calculate the greatest common divisor of 5 and n.
5
Suppose 2*d = -3*c + 5*c + 6, 2*c = 4*d - 16. What is the greatest common factor of 45 and d?
5
Let g be (2 + 10)*6/2. What is the highest common factor of 4 and g?
4
Let h be ((-4)/3)/((-6)/81). Let b be 2/6 + (-51)/(-9). What is the highest common divisor of h and b?
6
Let a be (-3)/(-12) - 430/(-8). What is the greatest common factor of a and 18?
18
Let i be (-5)/((-50)/(-4))*-10. Suppose i*m = 3*m. Suppose 3*s - 63 = -m*s. What is the highest common factor of s and 14?
7
Let x = 2 - -3. Suppose d - 40 = -0*o - o, 3*o = -x*d + 204. Calculate the highest common divisor of d and 6.
6
Suppose 4*j - 41 = 2*u + u, u = j - 11. What is the greatest common factor of j and 216?
8
Suppose 0 = -2*n + 5*t + 256, -2*n + 4*n = t + 256. Let h = 48 - 32. What is the highest common factor of n and h?
16
Let o = 516 - 274. Suppose 4*z + 3*c + 1 = -2, -5*z + 3*c = -3. Suppose 4*a - 38 - o = z. What is the greatest common factor of 28 and a?
14
Let y(f) = -1 + 3*f - 3*f - f. Let z be y(-5). What is the highest common factor of 6 and z?
2
Let g(j) = j**3 + 5*j**2 - 7*j + 1. Let s be g(-6). Let d = -16 + 16. Suppose -n + 35 = -d*n. Calculate the greatest common divisor of s and n.
7
Let m(l) = 56*l**2 + l. Let j be m(-1). Suppose 0*y = -4*y. Suppose 2*d + 0*u + u - 39 = y, -3*d = -3*u - 81. What is the greatest common factor of d and j?
11
Let u(g) = g**2 - 12*g + 14. Let f be u(11). Let a be -1 + (8 - f/(-3)). What is the greatest common divisor of a and 72?
8
Suppose 14*b = 15*b - 1. What is the highest common divisor of 1 and b?
1
Let o be -3 + (-4 + 5)*10. Suppose 0 = o*a - 9*a + 50. What is the greatest common divisor of a and 5?
5
Let s be (20/15)/(1/18). Calculate the highest common divisor of s and 6.
6
Suppose 21 - 5 = 4*t. Suppose 0 = t*g + 5*a - 3*a + 16, 0 = 2*g + 3*a + 8. Let q = g - -14. What is the highest common divisor of q and 40?
10
Let t be (21/(-3))/(1 + 0). Let n = 12 + t. What is the highest common divisor of 25 and n?
5
Suppose 2*u - 8 = -4*p, -7*p + 4*p = u - 8. What is the highest common factor of 8 and p?
4
Let m = -153 + 162. Calculate the highest common divisor of m and 72.
9
Let b be (2/(16/(-6)))/(2/(-88)). What is the highest common factor of 22 and b?
11
Let y(j) = j**3 - 3*j**2 + 10*j - 12. Let p be y(5). Let w = -12 - -20. Calculate the greatest common divisor of p and w.
8
Suppose -5*i = -8*i + 24. Calculate the highest common factor of 72 and i.
8
Let j be 28 - ((-1)/1 + -1). Suppose 6*k = 2*k - 4. Let b be k - 3/((-3)/46). Calculate the greatest common divisor of b and j.
15
Let x(l) = l + 24. Let d be x(-8). What is the highest common divisor of 16 and d?
16
Let m = 50 - 34. Suppose -2*o = 2, 5*r = 5*o + 4 + 11. What is the highest common divisor of m and r?
2
Let w be 1/(-4) - 225/(-20). Calculate the highest common factor of w and 22.
11
Let w be (-4)/10 - 174/15. Let d = -6 - w. Calculate the greatest common divisor of 66 and d.
6
Suppose 0 = x + 4*i + 4, 0*x = 5*x + 5*i - 10. Calculate the greatest common factor of x and 2.
2
Let y be (8/(-6))/(10/15). Let d be y - (-118)/2 - 2. What is the greatest common divisor of d and 5?
5
Let j be 112/(-49) + (-2)/(-7). Let t(n) = 16*n**2. Let o be t(j). Suppose -7 - 1 = -x. What is the greatest common divisor of o and x?
